(d) = -664*d + 630. Determine g(1).
-34
Let c(g) = 99*g - 1159. Give c(13).
128
Let m(r) = 57*r**2 - 15325*r - 2151. Determine m(269).
1
Let i(m) = -m**2 + 263*m - 13520. Give i(70).
-10
Let p(l) = l**3 + 144*l**2 + 4559*l + 95. Calculate p(-47).
95
Let h(s) = -72*s + 76. Calculate h(-15).
1156
Let a(l) = 10*l**3 - 132*l**2 - 8*l + 269. What is a(15)?
4199
Let d(v) = 1275*v - 8644. Calculate d(7).
281
Let z(r) = 16*r**3 + 97*r**2 + 9*r - 85. Determine z(-6).
-103
Let i(o) = -o**3 + 52*o**2 - 15998*o + 813470. Determine i(51).
173
Let i(w) = -4549*w + 559576. Determine i(123).
49
Let u(a) = a**3 + 74*a**2 + 126*a + 3990. What is u(-73)?
121
Let m(h) = -6*h**2 + 106*h - 57. Calculate m(17).
11
Let g(l) = 3*l**2 - 10733*l - 129224. What is g(-12)?
4
Let p(r) = -2*r**2 - 7132*r + 92840. Give p(13).
-214
Let g(z) = 2*z**3 + 681*z**2 + 355*z + 5082. Give g(-340).
-18
Let y(z) = -3*z**2 - 405*z - 11498. Give y(-99).
-806
Let w(a) = -3*a**3 - 269*a**2 - 204*a - 376. Give w(-89).
1938
Let r(d) = d**3 - 131*d**2 - 69*d + 9026. Give r(131).
-13
Let y(f) = -2*f**2 - 7776*f - 1496117. Calculate y(-203).
-7
Let y(q) = -29*q**2 + 462*q + 926991. Give y(-171).
0
Let m(f) = f**3 + 491*f**2 + 15556*f + 8228. What is m(-457)?
2
Let f(w) = -214*w + 31303. Calculate f(146).
59
Let p(x) = -24*x**2 + 3419*x - 1608. Determine p(142).
-46
Let u(k) = -7*k**2 + 3584*k - 75465. Determine u(490).
-5
Let y(a) = 8*a**3 + a**2 - 85*a + 101. Give y(7).
2299
Let f(b) = -416812*b - 3751144. What is f(-9)?
164
Let f(n) = -17*n**2 + 59*n - 329. Calculate f(6).
-587
Let y(d) = d**3 + 13*d**2 - 86*d - 711. Give y(-8).
297
Let j(b) = 35362*b + 3677651. What is j(-104)?
3
Let f(a) = a**3 + 3*a**2 - 16*a - 143. Give f(-8).
-335
Let j(d) = d**3 - 107*d**2 + 799*d - 632. Calculate j(99).
61
Let c(x) = 1894*x**2 + 17045*x - 39. Calculate c(-9).
-30
Let d(x) = 17*x**2 + 2476*x + 11953. Determine d(-5).
-2
Let l(m) = -2*m**2 + 366*m + 4855. Determine l(-14).
-661
Let m(i) = -36058*i - 180259. Calculate m(-5).
31
Let u(l) = 7*l**3 + 11*l**2 - 112*l + 2. Give u(6).
1238
Let p(c) = -54080*c + 919353. Give p(17).
-7
Let j(n) = -n**2 + 196*n + 1320. Determine j(216).
-3000
Let v(p) = -17*p**3 + 269*p**2 + 31*p + 286. What is v(16)?
14
Let f(h) = 805*h**2 + 6430*h + 6. Give f(-8).
86
Let i(g) = -3*g**2 - 430*g - 1745. Calculate i(-4).
-73
Let c(z) = -14810*z - 14721. Calculate c(-1).
89
Let w(a) = 358*a + 1356. Determine w(4).
2788
Let i(p) = 139*p**2 + 1704*p - 1351. What is i(-13)?
-12
Let o(c) = 3131*c - 635616. Calculate o(203).
-23
Let k(o) = 754*o + 14796. Calculate k(-20).
-284
Let i(z) = -2*z**2 - 3098*z + 24. Give i(0).
24
Let s(k) = -478*k**2 + 75*k + 29. Give s(2).
-1733
Let z(y) = -17*y**2 + 418*y + 266. Give z(25).
91
Let f(x) = x**2 + 83*x + 1028. Determine f(-67).
-44
Let s(n) = 6*n**3 - 2139*n**2 - 53585*n + 1911. What is s(380)?
11
Let v(m) = m**3 - 19*m**2 - 152*m - 67. Give v(-7).
-277
Let u(i) = -i**3 + 8*i**2 + 292*i - 1918. Determine u(6).
-94
Let x(j) = 768*j - 13454. What is x(18)?
370
Let f(m) = 9*m**3 - 235*m**2 - 77*m + 2683. Determine f(26).
5
Let y(k) = -2*k**3 - 1677*k**2 - 909*k - 59510. Give y(-838).
-12
Let n(a) = -a**3 + 18*a**2 + 16*a + 270. Give n(21).
-717
Let j(a) = -7*a**3 + 269*a**2 - 27*a - 2370. Give j(38).
936
Let v(h) = -12430*h - 1006820. Calculate v(-81).
10
Let j(h) = 10*h**2 + 3468*h - 735. Give j(-347).
-41
Let l(h) = h**2 + 592*h - 24875. What is l(39)?
-266
Let u(t) = -33668*t + 33366. Give u(1).
-302
Let j(m) = 2*m**3 + 188*m**2 + 232*m + 4211. Calculate j(-93).
-67
Let s(t) = -t**3 + 82*t**2 + 142*t + 2199. Give s(84).
15
Let i(b) = -105*b**3 + 22*b**2 - 12*b - 9. Determine i(1).
-104
Let y(m) = m**3 + 81*m**2 - 735*m - 53552. Give y(-82).
-6
Let p(s) = -33204*s + 66433. What is p(2)?
25
Let a(p) = -16634*p + 232893. What is a(14)?
17
Let p(u) = 671*u + 3449. Determine p(-5).
94
Let v(j) = -50297*j - 1. Determine v(0).
-1
Let j(t) = 53*t**2 - 503*t - 1840. Give j(-4).
1020
Let b(u) = -u**3 - 96*u**2 + 403*u + 363. What is b(-100)?
63
Let m(h) = -248*h - 237861. What is m(-959)?
-29
Let o(y) = 3*y**2 - 1198*y - 3599. Give o(-3).
22
Let o(r) = -167*r + 10616. Give o(58).
930
Let p(m) = 319*m**2 + 13085*m + 234. Calculate p(-41).
-12
Let z(d) = -5*d**2 - 393*d - 1917. Determine z(-5).
-77
Let f(i) = -222*i + 4903. Give f(25).
-647
Let k(n) = 5*n**2 + 903*n + 8394. Determine k(-173).
1820
Let h(t) = -t**3 + 30*t**2 + 1074*t - 31968. Calculate h(29).
19
Let m(g) = 7271*g - 319924. What is m(44)?
0
Let u(d) = 52*d**3 - 733*d**2 - 22*d + 1271. Determine u(14).
-17
Let o(a) = 11939*a - 81807. Give o(7).
1766
Let i(f) = -2316*f - 495570. Give i(-214).
54
Let l(d) = 175*d + 8352. Give l(-54).
-1098
Let n(f) = -2052*f**2 + 20423*f + 976. Calculate n(10).
6
Let i(w) = -2*w**2 + 178*w - 1756. Determine i(66).
1280
Let u(w) = w**3 + 82*w**2 - 3082*w + 14. Calculate u(-110).
234
Let z(j) = -j**2 + 15*j + 515. Determine z(-17).
-29
Let v(x) = -265*x + 8492. Give v(32).
12
Let t(a) = 2*a**3 - 595*a**2 + 8487*a - 160. Determine t(15).
20
Let l(c) = -12892*c + 153884. Determine l(12).
-820
Let i(o) = 922*o + 5354. Give i(-6).
-178
Let g(u) = -30193*u + 2264501. Calculate g(75).
26
Let i(v) = v**2 - 282*v - 396033. Determine i(786).
111
Let n(l) = 2031*l + 40654. Determine n(-20).
34
Let x(k) = 4*k**3 + 21*k**2 - 82*k + 22. Give x(-9).
-455
Let y(w) = 7990*w + 191772. Give y(-24).
12
Let q(s) = -s**3 - 684*s**2 + 12651*s - 234. Calculate q(18).
36
Let x(j) = -j**3 - 52*j**2 + 233*j - 421. Calculate x(-56).
-925
Let c(j) = j**3 - 32*j**2 - 1224*j + 39113. Determine c(32).
-55
Let a(g) = -308*g**2 - 6774*g + 29. Calculate a(-22).
-15
Let w(k) = -3*k**3 + 691*k**2 - 3621*k + 4752. Determine w(225).
27
Let s(y) = -30573*y + 764192. What is s(25)?
-133
Let k(m) = 1756*m + 129592. What is k(-74)?
-352
Let j(s) = 16*s**3 + 9*s**2 + 18*s + 6. What is j(4)?
1246
Let k(s) = -2*s**3 + 82*s**2 - 582*s + 142. What is k(32)?
-50
Let t(h) = 17*h**2 - 70*h - 797. What is t(9)?
-50
Let h(l) = l**3 - 92*l**2 - 4609*l + 151. Calculate h(128).
23
Let w(a) = -191*a - 2376. What is w(-7)?
-1039
Let t(g) = -13095*g + 13071. Determine t(1).
-24
Let l(j) = j**2 - 145*j + 2894. Calculate l(25).
-106
Let u(s) = -791094*s - 15821880. Give u(-20).
0
Let x(b) = -1587*b - 37106. Give x(-23).
-605
Let g(r) = 1161*r + 16672. Give g(-14).
418
Let y(g) = 9*g**3 - 55*g**2 - 179*g - 86. Determine y(-3).
-287
Let r(n) = 1932*n - 1018141. Give r(527).
23
Let t(k) = -k**3 + 53*k**2 - 367*k + 47. What is t(8)?
-9
Let u(r) = 47251*r - 2079040. Calculate u(44).
4
Let o(s) = 618*s**2 + 9285*s + 116. Calculate o(-15).
-109
Let s(v) = -26711*v - 4888143. Determine s(-183).
-30
Let q(g) = -3*g**3 + 104*g**2 + 115*g + 743. Calculate q(36).
-301
Let x(a) = -6*a**3 - 91*a**2 + 304*a + 80. What is x(-18)?
116
Let q(z) = -z**3 + 24*z**2 - 150*z + 79. Determine q(15).
-146
Let c(h) = 17*h**2 - 3726*h + 459. Determine c(219).
-198
Let a(g) = 988*g + 10048. Calculate a(-10).
168
Let v(q) = 11109*q**2 - 11109*q + 1. Give v(1).
1
Let z(m) = -1882*m + 306679. Give z(163).
-87
Let g(h) = 34*h**3 + 749*h**2 + 7*h - 354. Calculate g(-22).
-24
Let f(u) = -2*u**3 + 24*u**2 - 1002*u + 10780. Give f(11).
0
Let m(x) = -93228*x + 186453. What is m(2)?
-3
Let r(o) = 71*o**2 - 4947*o + 3170. Give r(69).
-142
Let a(v) = -54*v**2 + 179*v + 4. Give a(4).
-144
Let y(p) = -p**3 - 42*p**2 - 307*p + 170. Determine y(-32).
-246
Let j(q) = q**2 + 70*q - 138864. Determine j(339).
-213
Let o(y) = 8921*y + 1766310. What is o(-198)?
-48
Let o(g) = -5*g**2 + 132*g + 2720. Give o(40).
0
Let i(j) = -2*j**3 - 1199*j**2 - 6345*j + 112267. Give i(-594).
1
Let l(d) = -3100*d - 365798. Calculate l(-118).
2
Let l(x) = x**3 + 47*x**2 - 1600*x - 233. Calculate l(23).
-3
Let s(n) = n**2 - 1561*n + 47454. Give s(31).
24
Let k(c) = -c**3 + 6*c**2 + 3293*c - 16497. Give k(5).
-7
Let l(p) = -15*p**3 - 105*p**2 - 35*p - 99. Determine l(-7).
146
Let a(c) = 267*c**2 - 145*c + 151. What is a(1)?
273
Let m(z) = -278*z + 45155. What is m(161)?
397
Let q(s) = 7758*s + 380079. Give q(-49).
-63
Let l(u) = 5083178*u + 40665423. Calculate l(-8).
-1
Let h(z) = -97*z**3 - 9*z**2 - 29*z - 28. Determine h(4).
-6496
Let s(z) = -3*z**3 - 296*z**2 - 7135*z - 557. Calculat